ve n(-4).
-3
Let m(s) = s - 2. Let k(w) = w**3 + 7*w**2 + 12*w + 4. Let d be (8/(-14))/(32/224). Let t be k(d). Determine m(t).
2
Let z(k) = k**3 - 6*k**2 - 2*k + 1. Let c(w) = -w**3 - 5*w**2 + w - 25. Let s be c(-6). Suppose 0 = 5*d + 2*v - 22, -s*v = 3*d - 0*d + 2. Determine z(d).
-11
Let a(k) = -3*k - 3. Let v(b) = 6 + 9 + 3 - 3 - 5*b - 2*b**2. Let y be v(2). What is a(y)?
6
Let c(w) = 2*w - 7. Suppose 0 = 2*f - 476*r + 480*r - 2, -4*r - 53 = -3*f. Calculate c(f).
15
Let l(q) = -3*q**2 - 5*q - 2. Suppose -6*b = 5*x + 38, 4*x + 20 = -b + 1. Calculate l(b).
-14
Let g(t) = 20 - t + 10*t + 6*t**2 - 5*t**2. Let p be g(-7). Let j be (p + -8)*(30/4)/(-3). Let s(n) = -n + 8. Give s(j).
3
Let m be (-2)/(-28)*6*(-330 + 323). Let g(u) = u**2 + 3*u + 1. What is g(m)?
1
Let d(j) = j**2 - j - 13. Let i(f) = f**3 + 37*f**2 + f + 4. Let x be i(0). What is d(x)?
-1
Let r = -12745 - -12753. Let s(p) be the third derivative of -p**6/120 + 2*p**5/15 + 11*p**3/6 + p**2. Calculate s(r).
11
Let u(f) = f**3 + 8*f**2 + 8*f + 8. Let y = 3 + -8. Let a be u(y). Let p(c) = 17*c - a*c + c**2 + 19*c - 6. Determine p(6).
-12
Let z(w) = w - 3. Let r(u) = 1. Let p(t) = -3*r(t) - z(t). Let a(l) be the first derivative of 2*l**2 + 4*l - 747. Let m(c) = a(c) + 5*p(c). Calculate m(7).
-3
Let o(u) be the first derivative of -u**4/4 + 44. Let g(x) = 2*x**3 - x**2 - x + 2. Let q(b) = g(b) + 3*o(b). Let t = -2 - 0. Give q(t).
8
Suppose 57 = -4*a - 379. Let w = a + 151. Let i be (-12)/(-7) - (-12)/w - -2. Let j(h) = -h**2 + 4*h - 2. Give j(i).
-2
Let t = -21 + 25. Let k(g) be the first derivative of -9 + 7*g + 0*g**2 - t - 2*g + g**2. Determine k(-6).
-7
Let d(s) = -3*s - 107. Let q be d(0). Let p = q + 112. Let r(j) = 19*j**2 - 17*j**2 - j**3 + p - 6. Determine r(1).
0
Let n(p) = -p**3 - 4*p**2 + 7*p + 4. Let b = 295 + -288. Suppose 0*h - b*h = 35. Give n(h).
-6
Let i(q) = -2*q - 5. Let m(d) = d**2 + 12*d + 19*d + 3*d + 20 - 6*d. Let n be m(-27). Determine i(n).
9
Suppose -2278 - 1547 = -25*g. Suppose 48 = -105*c + g. Let t(b) be the third derivative of b**6/120 + b**5/60 - b**4/12 + b**3/6 - b**2. Determine t(c).
1
Let i(r) be the third derivative of 1/60*r**5 - 4/3*r**3 - 2*r**2 + 0*r - 5/24*r**4 + 0. Suppose -4*l = -0*l - 28. Determine i(l).
6
Suppose 13 - 43 = 10*l. Let v(o) be the second derivative of -o**3 - 5*o**2 - 2*o + 9. Calculate v(l).
8
Let a(w) be the second derivative of w**4/12 - 5*w**3/6 - 13*w**2/2 - 7*w + 101. Give a(7).
1
Let i(x) = -1 + 0*x + 2 - 2*x. Suppose 0 = 4*w, 3*c + 5*w = -c + 56. Suppose 5*u - 10*u - 4*y + 11 = 0, 3*y = 2*u + c. Give i(u).
3
Let d(k) = 5*k. Suppose -3*b = 2*z - b + 138, 2*b - 118 = 2*z. Suppose 0 = -5*g + 10*g + 325. Let m = z - g. Determine d(m).
5
Let t(y) be the second derivative of -y**3/6 - y**2/2 - y - 8. Let v(p) = p - 4. Let f = -17 + 29. Let g be v(f). Calculate t(g).
-9
Let u(n) = -n**2 - 1. Suppose -d = -2*i + 6, d + 24 - 16 = 4*i. Give u(d).
-17
Let s(b) be the third derivative of -15*b**4/8 + b**3 + 2970*b**2. Give s(0).
6
Suppose -5*g - 4*i = 40, 3*g + 18 + 9 = -3*i. Let b(w) be the third derivative of w**5/60 - w**4/12 - w**3 + 1001*w**2. Give b(g).
18
Let u(r) = 6*r**2 + 79*r + 209. Let f be u(-9). Let n(w) = -w**2 - 16*w - 5. Determine n(f).
-5
Let y(f) = -f**3 - 11*f**2 + 26*f + 2. Let n(q) = 24*q + 443. Let g be n(-19). What is y(g)?
2
Let n(d) = -d**2 + 14*d + 7. Let s = 18977 - 18965. Calculate n(s).
31
Let v(y) = 5*y - 96. Suppose -2844*z + 5695*z - 2831*z - 260 = 0. What is v(z)?
-31
Let v(h) be the second derivative of h**5/20 + 11*h**4/12 - 13*h**3/3 - 10*h + 60. Calculate v(-13).
0
Let w(j) = -19*j**3 - 19*j**2 - 4*j - 6. Let s(v) = -14*v**3 - 16*v**2 - 5*v - 6. Let g(a) = -4*s(a) + 3*w(a). Let d be ((-8)/(-3))/((-2)/(-6)). Determine g(d).
6
Let b be (-63)/105 - (-96)/10. Let p be (21/b + -3)/((-4)/(-18)). Let k(w) = -2*w + 1. Calculate k(p).
7
Let h(w) be the second derivative of 1/2*w**3 - 15 - w + w**2. Calculate h(-1).
-1
Let s(x) = x**2 + 4*x + 2. Suppose -18*h + 74 = -16*h + 4*v, -161 = -5*h - 2*v. Let p(k) = k**3 - 33*k**2 + 62*k - 3. Let l be p(h). Calculate s(l).
-1
Let j(v) = -85*v**3 - 3*v**2 + 2. Suppose -44*y - 98*y + 115 = -27*y. Determine j(y).
-86
Suppose -2*h + 14 = 4*y, -3*y + 0*h = h - 8. Let w be ((-1)/y)/(14/(-126)). Let k(x) = 7*x + 4. Let z(m) = -3*m - 2. Let l(j) = w*z(j) + 4*k(j). Give l(5).
3
Let y(i) = 29*i + 12. Let z(w) = 101*w + 36. Let h(u) = -7*y(u) + 2*z(u). What is h(-6)?
-6
Let y be (-2)/2*1*0 - -4. Suppose -3*m = -3*k - y*m + 9, -3*k + 9 = -m. Let a(t) = -146*t**2 - 14 + 1 - 10*t + 136*t**2 - t**k. Give a(-9).
-4
Let h(x) = -10*x**3 + 8*x**2 + 14*x - 25. Let i(t) = -9*t**3 + 8*t**2 + 13*t - 23. Let m(n) = 8*h(n) - 9*i(n). Determine m(8).
-33
Let r be (-1)/4 + (-58)/(-8). Suppose -5*h - 45 = -w - 2*w, -5*h = 2*w - 5. Let f(x) = -2*x - 8 + 13*x - w*x. Calculate f(r).
-1
Suppose -4*l + 44 = 4*n, -5*n + 73 - 30 = 4*l. Let y(h) = -h**3 + 11*h**2 + 9*h + 45. Give y(l).
9
Let k(i) = 11*i - 9. Let b be k(3). Suppose -h - 44 - b = 0. Let x = h - -62. Let p(d) = -d**3 - 7*d**2 - 7*d + 1. What is p(x)?
7
Suppose 7*s = -39*s + 92. Let a(y) = -4*y**3 + 3*y**2 - y + 1. Calculate a(s).
-21
Suppose 3*c = 291 - 288. Let r(n) = -1 - 2 - c + n. Calculate r(5).
1
Let k = -106 - -110. Let z be (2 - k/(-8))*-2. Let p(o) be the second derivative of -o**4/12 - o**3 + 2*o**2 - 7*o. Determine p(z).
9
Let q(m) = 3*m + 13. Let v be (-45)/(675/42)*5*2/4. Calculate q(v).
-8
Let o(z) = 45*z**3 + 15*z**2 + 18*z - 1. Let f(i) = 11*i**3 - i**2 - 2. Let l(g) = 4*f(g) - o(g). Determine l(-18).
-7
Let v(r) = 2*r - 2. Suppose 3*m + 3*f = 180, 3*m + 5*f - 64 = 2*m. Suppose m*p - 61*p + 6 = 0. Determine v(p).
4
Let n(l) = l**3 - 12*l**2 + 30*l. Let i be n(3). Let o(w) = 8*w + w + 3 + w**3 - 49*w**2 + 39*w**2. Give o(i).
3
Let g(r) be the first derivative of -13*r**2/2 + 81*r - 2163. What is g(6)?
3
Let s(b) = 2*b**2 - 4*b**2 + 37 - 39541*b + 4*b**2 + 39556*b. What is s(-4)?
9
Let b(m) be the third derivative of -1/3*m**3 + 1/24*m**4 + 5*m**2 + 0 + 0*m - 1/120*m**6 + 1/15*m**5. Give b(4).
2
Suppose -4*y - 3*l = -28, -10*y - 3*l = -27 - 43. Let h(o) = -o**2 + 10*o - 15. Give h(y).
6
Let y(w) = -w**2 + 38*w**3 - 15*w**3 - 9 + 6*w + 8*w**2 - 1 + 1 - 24*w**3. Let p = -9 + 16. Give y(p).
33
Let s(g) be the third derivative of 0*g + 0 - 1/6*g**3 - 1/8*g**4 - 1/24*g**6 - 105*g**2 - 1/20*g**5. What is s(-2)?
33
Let o be 2/((-45)/(2970/(-44))). Let y(g) = -g + 12. Determine y(o).
9
Let a(u) = -128*u - 59. Let j(p) = -357*p - 165. Let q(v) = -39*a(v) + 14*j(v). Determine q(16).
-105
Let d(k) = -13*k - 3. Let u be 351/156*(2/3 + 0)*4. What is d(u)?
-81
Let y(s) = 3*s + 2. Let c = 88 - 86. Let j be y(c). Suppose 2 = -i + j. Let p(f) = -f**3 + 6*f**2 - 3*f - 1. Calculate p(i).
-19
Let n(z) be the second derivative of -z**4/6 + 37*z**3/6 - 4*z**2 - 4312*z. Determine n(18).
10
Let x(k) be the second derivative of -2*k**3/3 - 16*k**2 - 11996*k. Calculate x(-13).
20
Let c be (-6)/(-4) + (-5)/(-10). Let j(v) = -15*v**2 - 8*v + 4. Let b(w) = -5*w**2 - 4*w + 2. Let t(x) = -5*b(x) + 2*j(x). Calculate t(c).
-14
Let d(s) = -s + 1. Let j(x) = -x**2 - 3*x + 27. Let y be j(-7). Let v be (y/(-2))/((-1)/(-8)) + -11. What is d(v)?
8
Let a(v) = -98*v**3 - 37*v**2 + 17*v - 8. Let o(r) = -36*r**3 - 13*r**2 + 6*r - 3. Let j(p) = 5*a(p) - 14*o(p). Determine j(-1).
-16
Let z(t) = t**3 + 4*t**2 - 4*t + 8. Let c = -1667 - -1662. Determine z(c).
3
Let q(r) = -r**2 - 3*r + 223. Let x be q(-17). Let n(m) = m**3 + 15*m**2 - 4*m - 13. Determine n(x).
47
Let a(m) = -27*m**2 + 5 + 6*m + 26*m**2 + m + 2*m + 2*m. Give a(12).
-7
Let z = 11131 + -11132. Let h(n) = -4*n**3 - 2*n**2 - 14*n - 13. What is h(z)?
3
Let v(w) = w**2 - w + 1. Let x(c) = -88*c + 18. Let b be x(3). Let g = -175 - b. Let f = 68 - g. Give v(f).
13
Suppose v - 5*p = 5, 3*v + 4*p = -49 + 45. Let u(f) be the second derivative of v*f**2 + 0 - 3/2*f**3 + 1/12*f**4 + 23*f. Determine u(10).
10
Let g(d) = -d**3 + 269*d**2 + 653*d - 30080. Let a be g(271). Let i(p) be the second derivative of 5*p**3 - p**2/2 - p. Determine i(a).
29
Let l(k) = -6*k + 21. Let s = 9931 - 9926. Determine l(s).
-9
Let h(u) = -u + 35. Let q = 84 + -51. Let o be h(q). Let v(k) = 2*k**2 - 2. Calculate v(o).
6
Let d(w) =